
Let h be (0 - 2)/((-2)/4). Suppose 0 = -3*a + h*a + 3*g + 6, 0 = -4*g - 20. What is the units digit of a?
9
Suppose 29 = 2*i + 9. Let d(t) = 2*t - 4. Let q be d(i). Suppose 3*n - 14 - q = 0. What is the tens digit of n?
1
Suppose -4*w + 0 = -44. Suppose -2*x - 5*h + 10 = -x, 0 = 5*x + 3*h - 28. Let t = w - x. What is the units digit of t?
6
Suppose -2*x = -4*x + 2. What is the units digit of x?
1
What is the units digit of 24360/72 - (-2)/(-6)?
8
Let z be 32/2*(-3)/6. Let c = z - -15. Let v = 11 - c. What is the units digit of v?
4
Let j = 22 + -16. Suppose 2*p = j - 0. What is the units digit of p?
3
Let h(n) = -6*n**3 - 1 - 5*n + 4 + 5*n**3 + 4*n**2. Let c be h(3). What is the units digit of (c/(-6))/(2/4)?
1
Suppose -3*a - t = -54, -121 = -5*a - 2*t - 32. What is the tens digit of a?
1
Suppose 2*u + 0*s - 3*s - 15 = 0, 0 = 4*u - 5*s - 27. Suppose -19 - 59 = -u*w. What is the tens digit of w?
2
Suppose -3*w + 28 = 5*u, -57 = -5*w - 2*u - 23. What is the units digit of w?
6
Suppose 5*h - 2*r = 36, -5*h + 3*h = 5*r + 3. What is the units digit of h?
6
Let g be (-3)/(-2) - 1/2. Suppose 4*y + g - 4 = -5*u, 0 = 5*y - 10. Let h(l) = -l + 1. What is the units digit of h(u)?
2
Suppose 2*q - 251 = 2*r + 189, 0 = q - 3*r - 216. What is the units digit of q?
2
Let l be (-2 - (-6)/1) + -2. Suppose 2*j + 31 = 2*d - 3*j, -4*d + l*j + 70 = 0. What is the tens digit of 14/3*d/4?
2
Let m(p) = 2*p**3 - 3*p**2 - p - 7. Let w(k) = -k**3 + 1. Let v(q) = -m(q) - 3*w(q). Let z be v(-3). What is the units digit of (z*-6)/2 - -10?
7
Suppose 10*c - 225 = 5*c. What is the units digit of c?
5
Let j be (2/(-4))/(2/(-12)). Suppose j*w - 68 = -w. What is the tens digit of w?
1
Let f be (2 - 4)/(2/(-14)). Suppose -l + f + 23 = 0. What is the tens digit of l?
3
Let j be 3 + 0 - (-1 + 1). Suppose j*a - 4*d - 71 = 0, 103 = 5*a - 3*d + 4*d. What is the units digit of a?
1
Let b = 2 + 1. Suppose b*h = h + 16. What is the units digit of h?
8
What is the units digit of 23 + -2 + 1*(-8)/(-4)?
3
Let z(v) = -5*v**2 + 19*v + 6. Let l(n) = 3*n**2 - 13*n - 4. Let s(c) = -8*l(c) - 5*z(c). What is the units digit of s(-9)?
2
Suppose -4*f - 8 = -4*z, -5*f - 5*z - 27 = 33. Let d = 10 + f. Suppose 5*b = 32 + d. What is the units digit of b?
7
Let i = 141 - 69. Suppose 2*s + 2 = -6. What is the tens digit of (s/8)/((-2)/i)?
1
Let n(j) = -j - 2. Let w(r) = -r - 1. Let f(z) = n(z) + w(z). Let q be f(-7). Suppose -10 - 11 = -3*o + 2*x, q = o - 2*x. What is the units digit of o?
5
Suppose 4*p - 43 = 4*a - 551, 3*p = 2*a - 253. Let k = -76 + a. Suppose 2*g + k = 6*g. What is the tens digit of g?
1
Suppose -o - 5*t + 138 = 0, 4*o + 53 = 5*t + 705. What is the tens digit of o?
5
Suppose 5 = 3*z - 13. What is the units digit of z?
6
Let z = 53 + -16. What is the tens digit of z?
3
Let t(v) = -v**3 - 17*v**2 - 20*v + 15. What is the units digit of t(-16)?
9
Suppose -5*d + 3*d = -4. Let a be 0 + d - (1 + -3). What is the units digit of a/(-8)*(-9 - 1)?
5
Suppose 5*a - 10 = 0, 5*a = 3*m + m - 62. What is the units digit of m?
8
Let a = 35 - 19. What is the tens digit of a?
1
Suppose -u = -2*u - 6. Let n = u - -13. What is the units digit of n?
7
Let z(v) = -v**3 + 2*v**2 + 3*v + 3. Let b be z(3). Let m(k) = -1. Let d(o) = -16*o - 2. Let n(q) = b*m(q) - d(q). What is the tens digit of n(1)?
1
Let z = -13 - -24. What is the units digit of z?
1
Let q(w) = -3*w - 2. Let h(f) = f + 1. Let i(r) = 11*h(r) + 4*q(r). What is the units digit of i(-3)?
6
What is the tens digit of 6/(-8) + (-764)/(-16)?
4
Suppose -3*x + s + 16 = 0, -5*x + 16 = -x - 4*s. Suppose 4*o - q - 35 = -11, o + q - x = 0. Suppose -o*r + 20 = -4*r. What is the units digit of r?
0
Let g = -45 - -31. Let d = -8 - g. What is the units digit of d?
6
Let u = 55 + -17. What is the tens digit of u?
3
What is the units digit of (-2 - 0)/(-8) + (-4101)/(-12)?
2
Suppose 5*y - y = 40. What is the tens digit of y?
1
Let x = -54 - -76. What is the tens digit of x?
2
Suppose 0 = 18*l - 811 - 1061. What is the hundreds digit of l?
1
Let x(s) = 14*s - 26. What is the tens digit of x(28)?
6
Let h(r) = -55*r**3 - 5*r**2 - 2*r. What is the hundreds digit of h(-2)?
4
Let k = -5 + 9. Suppose -2*z + 0*z = -k*h + 8, 0 = 2*z - h - 4. What is the units digit of z?
4
Let a = -138 - -304. What is the hundreds digit of a?
1
What is the units digit of 5 - 3/(2 - -1)?
4
Suppose 0 = -i + 2*i - 5, 0 = -2*k + i + 27. What is the tens digit of k?
1
Let r = -2 - -3. Suppose -r + 5 = m. Suppose -2*o + 20 = m. What is the units digit of o?
8
Let k be (-4)/(-14) - (-5)/7. What is the units digit of (3/k - 2)*23?
3
Let y(n) be the third derivative of n**5/60 + n**4/8 + n**3/6 - 3*n**2. Let k(w) = -w**3 + w**2 - w + 2. Let d be k(2). What is the units digit of y(d)?
5
Let u(a) = a**3 + 11*a**2 + 9*a + 13. What is the tens digit of u(-10)?
2
Suppose 0 = 2*n - 2*x - 172, x + 4*x = n - 94. What is the tens digit of n?
8
Let z(j) = -j**2 - 9*j - 7. Let q be z(-7). Suppose 4*w = q*w - 45. What is the units digit of w?
5
Let m = 25 - 16. What is the units digit of m?
9
Suppose -2*n - 3 - 1 = 0. Let h(c) = 3*c**2 - 3*c - 1. Let m be h(n). Suppose 4 = -w + m. What is the tens digit of w?
1
Suppose 2*d + 6 = 4*d. Let q be -10*(-2 - 18/(-15)). Suppose q - 41 = -3*j - d*b, -5*j + 5*b = -45. What is the units digit of j?
0
Let r(n) be the first derivative of n**4/4 + 2*n**3 + n + 4. Suppose 0 = -5*p - 20 - 10. What is the units digit of r(p)?
1
What is the tens digit of 2/5 - 927/(-45)?
2
Suppose d - 3*d - 126 = -4*t, -4*t + 3*d + 121 = 0. What is the units digit of t?
4
Let b = -1 - -31. Let f be ((-6)/15)/((-2)/b). Suppose -d + 2*d = f. What is the units digit of d?
6
Let f = 35 + -4. What is the units digit of f?
1
Let y(q) = -q**2 - 5*q + 7. Let x be y(-6). Let b(v) = 15*v**2. What is the units digit of b(x)?
5
Let z(v) = v**2 - v - 15. Let o be z(0). Let s be ((-24)/o + -2)*5. What is the units digit of -7*(8/14)/s?
2
Let u(y) = -y + 2. Let v be (-2)/(-8) - 24/(-32). Let f = -4 - v. What is the units digit of u(f)?
7
Let r(b) = -b**2 + 25*b - 49. What is the units digit of r(21)?
5
Let w = 27 + -47. What is the units digit of (-9)/(-4) - (-5)/w?
2
Let k = -111 - -326. What is the units digit of k?
5
Suppose 0 = -3*t + t + 12. Suppose -2*l - 4 = 0, -i + l - 138 = -t*i. What is the tens digit of i?
2
Suppose s = -0*s. Let g = s + 8. What is the units digit of g?
8
Suppose 3*h - 3 = 0, -u - h = 1 - 24. What is the units digit of u?
2
Let z be 6/4*(39 - -5). What is the units digit of (-6)/2*z/(-18)?
1
Let v = 30 - 18. Suppose -4*z + v = 4. Suppose 2*h + 5*a = 16, a = 4*h - z*h - 16. What is the units digit of h?
8
Let b(d) = -15*d - 1. Let l be b(-1). Let y be l - ((-3 - -1) + 2). Suppose 74 = 4*o + y. What is the units digit of o?
5
Let n(f) = f**2 + 3*f - 5. Let d be n(-6). Suppose -c - d = -2*c. Let p = -9 + c. What is the units digit of p?
4
Let t(x) = 105*x - 2. What is the units digit of t(2)?
8
Suppose -h = 2*a + 7, -4*h = -a + 2*a - 7. Suppose -h*r - 2*r + 15 = 0. What is the units digit of r?
3
Let r be 98/(-21) - 1/3. Let s be 2/r - (-193)/(-5). Let p = -20 - s. What is the tens digit of p?
1
Suppose 2*j - 5*l = 699, 0*j + 3*l - 691 = -2*j. What is the tens digit of j?
4
What is the tens digit of ((-1947)/4)/(-3) - 8/32?
6
Let b = -2 + 2. Suppose 3*s + 12 = -b*s. Let r = 6 + s. What is the units digit of r?
2
Let g = 6 + -4. Suppose 0 = g*j - 3*n - 9, 5 = n - 2*n. What is the units digit of (j/(-2))/((-3)/(-6))?
3
Let m be 2 - (-4 + 3) - -3. Suppose 0 = -f - d - d + 6, d + m = f. Suppose -3*q = f, -25 = -b - 2*b + 2*q. What is the units digit of b?
7
Let i(x) = 3*x - 1. Let l be i(3). Let j = 11 - l. Suppose 0 = 4*o - j*o - 11. What is the units digit of o?
1
Suppose 4*a = -4*p + 28, -17 = -a - 0*p - 3*p. Suppose 3*n - o = -5*o + 22, -5*n - a = -3*o. What is the units digit of n?
2
Let k = -19 - -99. What is the tens digit of k?
8
Let s(n) = -n + 2. Let w = 3 + -3. Let c be s(w). Suppose m - 22 = -3*m - c*o, -14 = -3*m - 4*o. What is the units digit of m?
6
Let o = 3 + 14. What is the units digit of o?
7
Let a(w) = -6*w - 1. Suppose 3*s - 12 = -3. Let m(h) = -h + 1. Let j(u) = s*m(u) + a(u). What is the units digit of j(-2)?
0
Let p = 17 - 8. What is the units digit of p?
9
